28?
16
Calculate the highest common factor of 16 and 72.
8
Calculate the greatest common factor of 399 and 42.
21
Calculate the greatest common divisor of 159 and 1007.
53
What is the highest common factor of 152 and 40?
8
Calculate the highest common divisor of 441 and 1953.
63
What is the greatest common divisor of 3408 and 240?
48
Calculate the greatest common factor of 14066 and 26.
26
What is the highest common factor of 448 and 128?
64
Calculate the greatest common factor of 102 and 138.
6
Calculate the greatest common divisor of 144 and 234.
18
What is the greatest common factor of 90 and 20?
10
Calculate the highest common divisor of 112 and 48.
16
Calculate the greatest common divisor of 48 and 32556.
12
What is the greatest common factor of 343 and 21?
7
Calculate the highest common divisor of 415 and 581.
83
What is the highest common factor of 104 and 584?
8
Calculate the greatest common divisor of 301 and 129.
43
Calculate the greatest common factor of 243 and 54.
27
Calculate the greatest common factor of 594 and 378.
54
What is the greatest common divisor of 1984 and 62?
62
What is the greatest common factor of 4 and 146?
2
Calculate the greatest common divisor of 352 and 608.
32
Calculate the highest common divisor of 133 and 1141.
7
Calculate the highest common factor of 18 and 18.
18
What is the highest common factor of 33 and 165?
33
Calculate the greatest common divisor of 6195 and 105.
105
Calculate the highest common divisor of 1890 and 225.
45
Calculate the greatest common divisor of 8 and 436.
4
What is the highest common divisor of 477 and 53?
53
What is the highest common factor of 4716 and 108?
36
Calculate the greatest common factor of 15050 and 14.
14
Calculate the highest common factor of 30527 and 49.
49
Calculate the greatest common divisor of 369 and 164.
41
Calculate the greatest common factor of 1196 and 104.
52
Calculate the highest common factor of 7889 and 98.
49
What is the highest common divisor of 2912 and 56?
56
Calculate the greatest common factor of 204 and 24.
12
What is the highest common factor of 1536 and 7488?
192
Calculate the greatest common divisor of 235 and 5.
5
Calculate the greatest common divisor of 19 and 5947.
19
Calculate the highest common divisor of 855 and 30.
15
What is the greatest common factor of 5771 and 29?
29
Calculate the greatest common divisor of 1872 and 1008.
144
What is the highest common factor of 9 and 1017?
9
Calculate the greatest common factor of 8 and 1112.
8
What is the greatest common factor of 52 and 39?
13
What is the highest common divisor of 171 and 432?
9
What is the highest common factor of 266 and 228?
38
Calculate the highest common factor of 26 and 104.
26
What is the highest common divisor of 56 and 128?
8
Calculate the highest common divisor of 96 and 888.
24
What is the highest common divisor of 30 and 18210?
30
Calculate the highest common factor of 113 and 4859.
113
What is the greatest common factor of 104 and 1313?
13
Calculate the highest common divisor of 1204 and 1032.
172
Calculate the highest common factor of 5616 and 260.
52
Calculate the greatest common divisor of 390 and 78.
78
What is the greatest common divisor of 745 and 5?
5
Calculate the greatest common divisor of 11394 and 162.
54
Calculate the greatest common factor of 6460 and 38.
38
What is the greatest common factor of 2491 and 47?
47
What is the highest common divisor of 30 and 5790?
30
What is the highest common factor of 154 and 112?
14
Calculate the highest common factor of 611 and 416.
13
Calculate the greatest common factor of 172 and 27176.
172
Calculate the greatest common factor of 16080 and 60.
60
Calculate the highest common divisor of 338 and 13.
13
Calculate the greatest common divisor of 16 and 1328.
16
Calculate the highest common factor of 140 and 27160.
140
Calculate the highest common divisor of 1268 and 4.
4
What is the highest common factor of 376 and 8?
8
Calculate the greatest common factor of 15 and 37215.
15
Calculate the greatest common divisor of 4788 and 627.
57
Calculate the highest common divisor of 2736 and 288.
144
Calculate the highest common divisor of 192 and 544.
32
Calculate the greatest common factor of 352 and 88.
88
What is the highest common divisor of 296 and 24?
8
What is the greatest common factor of 170 and 85?
85
Calculate the greatest common factor of 246 and 82.
82
Calculate the greatest common factor of 506 and 154.
22
Calculate the highest common factor of 588 and 12.
12
Calculate the greatest common factor of 31399 and 51.
17
What is the greatest common divisor of 721 and 7?
7
Calculate the highest common factor of 32 and 1584.
16
Calculate the greatest common divisor of 4619 and 149.
149
Calculate the highest common divisor of 2979 and 9.
9
Calculate the greatest common factor of 7050 and 188.
94
What is the greatest common divisor of 1962 and 1152?
18
What is the greatest common divisor of 4 and 421?
1
Calculate the highest common factor of 1529 and 99.
11
Calculate the greatest common divisor of 2052 and 108.
108
What is the highest common divisor of 6630 and 260?
130
What is the highest common divisor of 7564 and 124?
124
Calculate the greatest common divisor of 266 and 175.
7
What is the highest common factor of 1335 and 45?
15
Calculate the highest common factor of 7222 and 414.
46
What is the greatest common divisor of 9885 and 15?
15
Calculate the greatest common factor of 899 and 62.
31
What is the highest common divisor of 920 and 506?
46
What is the greatest common factor of 6 and 5970?
6
Calculate the highest common factor of 15 and 375.
15
Calculate the greatest common factor of 4 and 6350.
2
Calculate the highest common divisor of 102 and 1122.
102
What is the greatest common divisor of 18 and 846?
18
Calculate the greatest common divisor of 783 and 58.
29
What is the highest common factor of 25 and 225?
25
Calculate the highest common divisor of 1135 and 6356.
227
Calculate the highest common factor of 465 and 4495.
155
What is the greatest common factor of 143 and 22?
11
Calculate the greatest common divisor of 286 and 234.
26
What is the greatest common divisor of 2575 and 25?
25
What is the highest common factor of 80 and 35?
5
Calculate the greatest common divisor of 1378 and 26.
26
What is the highest common divisor of 294 and 66?
6
What is the greatest common factor of 138 and 8786?
46
What is the greatest common divisor of 152 and 57?
19
Calculate the highest common divisor of 20579 and 13.
13
What is the highest common divisor of 12 and 148?
4
What is the highest common factor of 168 and 36?
12
What is the highest common factor of 891 and 33?
33
Calculate the greatest common factor of 644 and 168.
28
Calculate the highest common factor of 10 and 1010.
10
Calculate the greatest common divisor of 1440 and 414.
18
What is the greatest common factor of 330 and 4510?
110
What is the greatest common factor of 32 and 512?
32
What is the greatest common factor of 18 and 150?
6
Calculate the greatest common factor of 8 and 1648.
8
What is the highest common factor of 603 and 18?
9
What is the greatest common factor of 10136 and 35?
7
What is the highest common divisor of 43 and 11?
1
What is the greatest common divisor of 5 and 365?
5
Calculate the highest common divisor of 64 and 19584.
64
What is the highest common factor of 3 and 27?
3
Calculate the greatest common divisor of 112 and 49.
7
Calculate the greatest common factor of 216 and 28296.
216
Calculate the greatest common factor of 14 and 2786.
14
What is the greatest common divisor of 808 and 16?
8
What is the highest common factor of 209 and 99?
11
Calculate the highest common divisor of 3795 and 1320.
165
Calculate the greatest common divisor of 154 and 224.
14
Calculate the highest common divisor of 420 and 245.
35
Calculate the greatest common divisor of 120 and 135.
15
Calculate the highest common divisor of 14835 and 60.
15
What is the highest common divisor of 1079 and 13?
13
Calculate the highest common factor of 63 and 105.
21
What is the greatest common divisor of 5 and 3395?
5
Calculate the greatest common divisor of 12 and 135.
3
What is the greatest common factor of 27 and 24?
3
What is the highest common factor of 21 and 14693?
7
Calcula